*2 + 15*a - 5. Suppose -5*q + 15 + 50 = 0. What is the tens digit of j(q)?
2
What is the tens digit of -8*33/18*-9?
3
Let n(l) = -11*l + 13. What is the tens digit of n(-7)?
9
Suppose -2*p - 3*g + 20 = 0, 6*p - p - 4*g - 4 = 0. Suppose -1 = -p*x - 17. Let r = x + 16. What is the tens digit of r?
1
Suppose 3*n - 28 = -n. What is the units digit of n?
7
Suppose -4*m + 5*n - 34 = -83, 2*n + 10 = 0. Suppose 2*p = -3*d + m, 2*d - 3*d - 32 = -5*p. Suppose -41 = -5*b - p. What is the units digit of b?
7
What is the units digit of (-252)/(-30) - 3/(-5)?
9
Let j = 3 - -6. Let f = -6 + j. Suppose f*g - 5*y - 10 = 26, -4*g + y + 31 = 0. What is the units digit of g?
7
Let s be 3/2 + (-21)/6. Let a = s + 8. What is the units digit of a?
6
Suppose -34 = 5*z + 56. What is the units digit of z/(-4) - 1/(-2)?
5
Suppose 0 = -5*v - 4 + 24. Suppose -18 = -v*w - 6. What is the units digit of 2 + w/3 - 1?
2
Let v(m) = 9*m - 1. Let n be v(-2). Let k = 43 + n. What is the units digit of k?
4
Let y(w) be the third derivative of w**2 + 0*w + 0 + 1/2*w**3 + 1/24*w**4. What is the units digit of y(0)?
3
Let j be 6/(-9) + 302/3. Suppose 6*i - j = 2*i. What is the tens digit of i?
2
Suppose -4*s + 3 = -21. What is the units digit of s/5*(-60)/(-9)?
8
Suppose -308 - 170 = -2*a. What is the units digit of a?
9
What is the hundreds digit of ((-4)/(-2) - -304) + 1?
3
Let q be (8 + 0)*(2 - 1). Let h = q - -9. Suppose -3*j + h = 2. What is the units digit of j?
5
Suppose 3*u - 7 = 2*b - 6*b, 5*b + 30 = 4*u. What is the tens digit of ((-4)/(-2))/(b/(-15))?
1
Let b(w) = 1 + 4*w**2 - 3*w + 3 - 3*w**2. Let m be b(3). Suppose -4*y + 0*y + 14 = -3*c, -m*c - 16 = -4*y. What is the units digit of y?
2
Suppose 81 = 4*o - 119. What is the tens digit of o?
5
Let c(d) = d - 3. Let a be c(8). Suppose 0*r - 47 = -2*g + a*r, -3*g + 4*r + 60 = 0. What is the tens digit of g?
1
Let u(b) = b**2 + 3*b - 4. What is the units digit of u(-8)?
6
Let q = 154 + -73. Let d = 138 - q. Suppose 0 = 2*y - 5*y + d. What is the units digit of y?
9
Suppose 0*u = 3*u - 6. Suppose -3*y - 10 = -5*i, 2*y + y = -5*i + 10. What is the tens digit of (u + y)*17/2?
1
Let k(z) = z**3 + 4*z**2 + 4. Let p be k(-4). Suppose p*s = -0*s + 32. What is the units digit of s?
8
What is the tens digit of 2/(-2) - -107 - (-54)/(-18)?
0
Suppose -3*u - 3*i - 12 = 0, i - 1 = 3*u + 3. What is the tens digit of u*((-81)/6 - -2)?
2
Suppose -160 = -5*c - 4*s, -31 = -5*c + 2*s + 99. What is the units digit of c?
8
What is the tens digit of (-60)/315*(-18)/4*28?
2
Suppose -3*s - 2*m = -10, m = 3*s + 2*m - 14. Suppose -l = -2*b - 1, -s*b = -2*b - l - 1. Let f = b + 3. What is the units digit of f?
4
Let y(r) = -r**3 - 4*r**2 + 2*r - 2. Let q be y(-5). Suppose 3*h + j = 51, 5*h - q - 80 = j. What is the units digit of h?
8
Suppose u + 13 = 5*k, -2*k + k = 4*u - 11. What is the units digit of -9*(-1 + u - 2)?
9
Suppose -4*q - 22 = -a, 4*a - a = -2*q + 10. Suppose -5*d = -2*o + a, 13 = -5*o + 5*d + 28. What is the units digit of o?
3
Suppose 0*j = 2*j - 24. Suppose 0 = -4*n - 5*l - 2, -4*n + 5*l + 6 = -j. What is the units digit of n?
2
Suppose -j - 5*v + 77 - 11 = 0, 5*v = -4*j + 249. What is the units digit of j?
1
Let p(r) = -3 - r**3 + 2*r**3 + 3*r**2 + 2 + 3. Let v be p(-3). Suppose a + v*d - 28 = -2*a, -3*a + 33 = -3*d. What is the units digit of a?
0
Let k(n) = -n**3 - 4*n**2 - 2*n + 3. Let j be k(-3). Suppose u + j*u = 4. Suppose 3*x = -4*q + 1, x - 12 = u*q - 1. What is the units digit of x?
3
Suppose 54 - 10 = 4*w. What is the units digit of w?
1
Suppose -3*a - 30 = 2*a. What is the units digit of 33/a*-2 - -3?
4
Let u(c) be the third derivative of c**4/24 + c**3/2 - c**2. Let w be u(-4). What is the units digit of 7/((3 - 1) + w)?
7
Suppose x = 2, 348 = 3*f + 5*x - 100. What is the hundreds digit of f?
1
Let n be (-4)/16 + (-33)/(-4). Suppose -i = i - n. Suppose -y + 0 = i*h + 4, 5*y - 2*h - 46 = 0. What is the units digit of y?
8
Let p(u) = u**3 + 5*u**2. Let f be 4 - 12/3 - 4. What is the units digit of p(f)?
6
Suppose -g - 5*p = -95, -2*p + 269 = 4*g - 129. Suppose 2*w = -2*w + g. What is the tens digit of w?
2
Let c = 5 - 3. Suppose -4*d - 110 = 3*g - 8*g, c*d = -4*g + 88. Suppose -q + g = q. What is the units digit of q?
1
Suppose 4*q + 8 = -4*y, -5*y - q - 2*q = 14. Let h(f) = -f**3 - 5*f**2 - 6*f - 4. What is the units digit of h(y)?
4
Suppose 5*t - 30 - 15 = 0. Let j(w) = 5*w - 3. Let a be j(2). Let l = t - a. What is the units digit of l?
2
Suppose -5*q - 370 = -5*h, 2*h - 3*q - 135 = 13. What is the units digit of h?
4
What is the units digit of 65 - (-5 + 3 - -1)?
6
Let y = 47 - -24. What is the tens digit of y?
7
Let s be 3/4 - (-9)/36. Let k be (-20)/12 - s/3. What is the units digit of 51/9 - k/6?
6
Suppose 1 = 3*p - 11. Suppose p*y = -5*q + 99, 4*q = -y + q + 16. What is the tens digit of y?
3
Let w = 10 - 8. What is the units digit of w?
2
Suppose -j - 136 = 3*f + 45, 3*j = 6. Let u = f + 25. What is the units digit of (u/(-10))/(4/10)?
9
Let k(d) = 2*d**2 - 3*d - 2. Suppose 8 = 3*i - 7*i. What is the units digit of k(i)?
2
Let h(w) be the third derivative of w**5/60 - w**3/6 - 3*w**2. Let b(l) = -7*l**2 + 6*l + 5. Let v(a) = -b(a) - 6*h(a). What is the units digit of v(6)?
1
Suppose -49 + 174 = 5*z. What is the tens digit of z?
2
Suppose 4*a = -6 + 14, 3*d - 2*a - 8 = 0. Suppose 2*i - 32 - 4 = 5*u, -u - d = 0. Suppose -g + 7 = -4*q, 0*g - i = -g + 5*q. What is the units digit of g?
3
Suppose 0 = -g + 3. What is the tens digit of g/(1 + 12/(-15))?
1
Suppose 4*n - 5*o - 680 = 0, 5*n - 811 = -3*o + 39. What is the hundreds digit of n?
1
Suppose 3*x = -5*c + 3, -4 = 3*c - 5*c - 4*x. Suppose -j + c*j + 14 = -3*f, -3*j - 4*f = 10. Suppose 3*m - j*m - 5 = 0. What is the units digit of m?
5
Suppose 153 = 10*m - 7*m. What is the tens digit of m?
5
Let g(r) = 9*r. Let i be g(1). Let h = 39 - 23. Let w = h - i. What is the units digit of w?
7
Suppose -4*h + 5*h = 0. Suppose 5*z + 42 = 2*t, -t + h*t - z + 14 = 0. What is the tens digit of t?
1
Suppose 229 - 49 = 5*t. Let u = -21 + t. What is the tens digit of u?
1
What is the units digit of 7/(174/171 - 1)?
9
Let t(o) = 151*o + 1. Let b be t(1). Suppose 73 = 5*n - b. Suppose 0*y = 5*y - n. What is the units digit of y?
9
Suppose -6*b = -368 + 8. What is the tens digit of b?
6
Suppose 0 = 4*z - 5*x - 227, 3*z + 2*x = 3*x + 173. What is the tens digit of z?
5
What is the tens digit of 15*-3*(-2)/6?
1
Let q = 12 - 7. Suppose -q*v + 12 = 2. Suppose 0 = v*w - 0*w - 10. What is the units digit of w?
5
Let j = -27 - -224. What is the hundreds digit of j?
1
Let v be (4/12)/(1/12). Suppose -3*y + 20 = 2*z, 3*z - v*y + 20 = 5*z. What is the units digit of z?
0
Let r = -2 - -28. Let h = r + -8. What is the tens digit of h?
1
Suppose 0 = 3*z - 0*z - 6. Suppose -5*v + z*v = -105. What is the units digit of v?
5
Let c = -7 + 10. Let y = -2 + c. What is the units digit of y?
1
Suppose 0*a - 5*a = 0. Suppose 5*d - 44 + 9 = a. What is the units digit of d?
7
Let a be 52/6*(3 + 0). Let t = a - 11. Suppose -3*h + t = -0. What is the units digit of h?
5
Let x be (-26)/(-10) + 6/15. Suppose -6 = x*d + 6. Let i(a) = -a**2 - 4*a + 5. What is the units digit of i(d)?
5
Let k(p) = p**3 + 8*p**2 + p + 5. Let b be k(-8). Let o = 2 - b. What is the units digit of o?
5
Suppose -65 = -4*r + 3*r. Suppose 0 = -3*a - 26 + r. What is the tens digit of a?
1
What is the tens digit of 2 - 5 - (0 - 26)?
2
Let w(n) = n**3 - 7*n**2 + 6*n + 2. Let p be w(6). Suppose h - 3 = -p*h. What is the units digit of h?
1
Let l(g) = g**2 - 2*g + 54. What is the units digit of l(0)?
4
Let v be -2 + -8 + (1 - -2). Let n = 21 + v. What is the units digit of n?
4
Let i = -14 + 23. Let l = i - 1. What is the units digit of l?
8
Let y be ((-1)/1)/(6/(-12)). Suppose 2*l + 104 = 2*s - y*l, -5*s - 4*l + 232 = 0. What is the units digit of s?
8
Suppose -m + 6*m = 15. Suppose 0 = m*d - 7*d + 40. Suppose -v + 3*v = d. What is the units digit of v?
5
Let b = 5 - 2. Suppose b*n - 4*o - 43 = 1, -3*n + 2*o + 34 = 0. What is the units digit of n?
8
Let w be (-42)/11 + 4/(-22). What is the units digit of 2 + -2 - 1 - w?
3
Suppose 0 = -l - l + 80. What is the units digit of l?
0
Suppose -5*y = -3 - 7. Suppose 0 = 3*t - 38 - 16. Suppose x = 3*